 184 = 5*a - 151. Calculate the remainder when a is divided by i(5).
16
Let l = -12 + 28. What is the remainder when 31 is divided by l?
15
Let t be (0*1/2)/(-1). Calculate the remainder when 13 is divided by (3 - 1)*2 + t.
1
Suppose -2*o + 39 = -3*b, 37 = 4*o + 2*b - 49. Let t = o + -15. Let c(h) = -h**3 + 6*h**2 - 3*h - 4. Calculate the remainder when c(4) is divided by t.
4
Let s = -3 - -4. Let h(p) = 3*p + 1. What is the remainder when h(s) is divided by 2?
0
Let o be -2*1 - -3 - 0. Let p be (o - (-6)/(-10))*40. Suppose -2*n = -2*k + 10, 5*k = -3*n - p + 49. Calculate the remainder when 11 is divided by k.
5
Suppose 0 = -15*h + 11*h, -2*y - 2*h + 194 = 0. Suppose -3*f = -3*d - 105, -3*f - 2*d - d = -93. Calculate the remainder when y is divided by f.
31
Suppose 0 = -3*y + b + 28, -3*y - 3*b + 6 = -2*y. Suppose g = -5*z + 56, z = -g - 0*g + 60. Let t = g + -37. Calculate the remainder when t is divided by y.
6
Let i(z) = -2*z - 4. Let f be i(-6). Let w = 14 + f. Calculate the remainder when w is divided by 12.
10
Let u(j) = 19*j**2 - j + 1. Let i be u(1). Suppose 10 = 2*x - 8. Let w = i - x. What is the remainder when 18 is divided by w?
8
Let l = 91 + -71. Calculate the remainder when 76 is divided by l.
16
Suppose t - 4*p = -4, -7*p + 2*p - 10 = -5*t. Let d(m) = -5*m - 6. Let b be d(-6). Let r = b - 14. Calculate the remainder when r is divided by t.
2
Suppose -l + 5 + 17 = b, 5*l - 117 = 2*b. Let f(p) = p**3 - 5*p**2 + 7*p - 6. Calculate the remainder when l is divided by f(4).
5
Suppose -1 + 0 = -y. Let d = 163 - 160. What is the remainder when d is divided by y?
0
Let m(d) = -d**3 + 2*d**2 + d - 2. Let x be m(-2). Suppose -10*c = -9*c - x. What is the remainder when ((-23)/4)/(1/(-4)) is divided by c?
11
Let q = 6 + -6. Suppose q*t - t + 25 = 0. Calculate the remainder when t is divided by 7.
4
Let k(m) = 13*m**2 - 2*m - 2. Let a be k(-2). Let f = a + -29. Calculate the remainder when 73 is divided by f.
23
Let l(b) = 17*b**2 + 2*b + 1. Let f be l(3). Suppose 7*m = 2*m + f. Calculate the remainder when m is divided by -1 + 13 + (1 - 2).
10
Let t be (-6)/(-21) - (-38)/14. Suppose 6 = 3*o - t. What is the remainder when 9 is divided by o?
0
Let a = -7 - -10. Suppose -3 = g - 14. Let d = g + -6. What is the remainder when d is divided by a?
2
Let z(r) = r**3 - r**2 - 2*r - 1. Let l be z(2). Suppose 5*v + 3*y + 4 - 17 = 0, 4*v - 10 = -2*y. What is the remainder when 4 - 1 - 1*l is divided by v?
0
Let t = 17 - 5. Suppose 0 = 3*m + 2*a - 66, 3*a = 5*m + a - 94. Suppose -i - 3*i = -m. Calculate the remainder when t is divided by i.
2
Suppose 0 = 2*b + 2*a - 40, -4*b = 3*a - 7*a - 64. Let k be 4/3*(-3)/2. What is the remainder when 1 - 1 - (k - 32) is divided by b?
16
Let w = 192 - 51. Suppose -g - 4 = 3*x - 27, -w = -5*g - 2*x. Calculate the remainder when g is divided by 11.
7
Let b(o) = 7*o - 7. Let q(i) = i**3 + 6*i**2 + i + 5. Let r be q(-6). Calculate the remainder when b(6) is divided by r/((-1)/(-24)*-2).
11
Let j(h) = -5*h - 1. Let v(z) = -6*z**2. Let p be v(-1). Let w be 2/p*(2 - -1). What is the remainder when j(w) is divided by 3?
1
Let d = 14 - 2. What is the remainder when 4/7 - (-2724)/84 is divided by d?
9
Suppose -4*i + d + 16 = 0, 3*d + 23 = 5*i + d. Suppose 22 = 4*a + 2. Calculate the remainder when a is divided by i.
2
Let m = 23 + -16. Let u = m + -13. Let t = u + 10. What is the remainder when 11 is divided by t?
3
Suppose -3*c + 4*c + 4*n - 68 = 0, n - 204 = -3*c. Calculate the remainder when c is divided by 23.
22
Suppose -3*y + 2 = -2*y. Suppose -z + 63 = 6*z. Calculate the remainder when (-34)/(1/(y/(-4))) is divided by z.
8
Suppose 3*i + 3*y - 12 = 0, -3*i - 12 = -3*y - 0*y. Suppose -2*a + s + 76 = 0, 5*a + i*s = -2*s + 190. What is the remainder when a is divided by 20/2*(-4 + 5)?
8
Let p = -23 + 14. Let c = 1 - p. Suppose -18 = -5*z + 2*z. What is the remainder when c is divided by z?
4
Let w = -7 - -11. Suppose 0 = 2*f + w*d - 4, -3*d - 23 = -f + 2*d. Calculate the remainder when 46 is divided by f.
6
Calculate the remainder when (200/3)/(40/60) is divided by 17.
15
Let j = -13 - -23. Suppose 6 - 196 = -5*l. Calculate the remainder when l is divided by j.
8
Let d be (-594)/15 + 4/(-10). Let h = -40 + 77. Calculate the remainder when h is divided by d/(-3) + (-3)/9.
11
Suppose -3*o = r - 2*r + 4, -2*r + 5*o = -13. Suppose -5*w + 11 = -r. Let m = -13 + 24. Calculate the remainder when m is divided by w.
5
Let n(m) = 11*m + 1. Let x = 8 - -27. Calculate the remainder when x is divided by n(1).
11
Calculate the remainder when 126 is divided by 4 + 0 + (-45)/(-5).
9
Suppose 3*s + 24 = 2*s. Suppose q + 2*z - 5 = 0, 3*q + z + 2 = 17. What is the remainder when q is divided by s/(-14) - 2/(-7)?
1
Let h = -8 - -5. Let m = -3 - h. Suppose -7 = -r - m*r. Calculate the remainder when 20 is divided by r.
6
Suppose 13 = o - 3*k - k, 33 = 4*o + 3*k. Calculate the remainder when 35 is divided by o.
8
Suppose 2*q - 12 = 3*j, 3*q + 9 = -3*j - 3. What is the remainder when 0/2 + -1 - -28 is divided by (j/2)/1 - -16?
13
Let f(s) = 4*s - 2. Let a be 2 + (4 + -1)*1. Suppose -2*y = -a*w - 40, 2*y - w - 12 = -3*w. What is the remainder when y is divided by f(2)?
4
Suppose -4*m - 5*b = -112, -4*b - 5 = 11. What is the remainder when 93 is divided by m?
27
Suppose 0*j + j = -3*h + 16, -4*j - 3*h + 19 = 0. Suppose -w + 8 - j = 0. Calculate the remainder when w is divided by 4.
3
Suppose -4 + 16 = -4*m. Suppose 0 = 2*x + x - 15. Calculate the remainder when (-2)/6 + (-25)/m is divided by x.
3
Let v(t) = 2*t + 2. Let n be v(-2). Let f = 2 - n. Suppose f*h - 26 + 2 = 0. Calculate the remainder when 11 is divided by h.
5
Suppose -4*a + 623 = -i, 5*a + 4*i - 401 = 383. Calculate the remainder when 11 is divided by a/27 + 4/18.
5
Let l be (-12)/(-18)*(-18)/(-4). Let m be (17/l)/(2/6). Suppose -u = -2*i + m, u = 4*u - 3. What is the remainder when 25 is divided by i?
7
Suppose 111 = 24*p + 15. What is the remainder when 16 is divided by p?
0
Suppose 2*f = 0, 2*o + 3*f = 2*f + 18. Let n = -1 + o. Calculate the remainder when 23 is divided by n.
7
Let q = -5 - -12. Suppose t = -3*c + 6*t - 9, -3*c = 3*t - 15. Suppose -q = -c*s + 1. Calculate the remainder when s is divided by 2.
0
Let s be 11/3 + 4/(-6). Let k be ((-6)/(-12))/(2/8). Suppose s = k*b + b. What is the remainder when b is divided by 1?
0
Let f = 44 + -20. What is the remainder when 46 is divided by f?
22
Suppose 4*s + 4*z = 1 + 67, 2*s - 4*z = 58. Calculate the remainder when s is divided by 7.
0
Suppose -2*r + 10 = 2*j, 3*j + 0*j - 21 = -r. Suppose 3*h + p = 85, -4*h = 4*p + p - 106. Calculate the remainder when h is divided by j.
5
Suppose 10*i - 2*i - 88 = 0. Let y(l) = 12*l - 6. Let j(g) = g**3 + 6*g**2 + 4. Let t be j(-6). Calculate the remainder when y(t) is divided by i.
9
Let y(s) = -9*s**2 - s**3 + 5*s**2 + 2*s**3 + 7. Suppose 0 = -n - 4*n + 55. Calculate the remainder when y(5) is divided by n.
10
Let s = 9 + 2. Calculate the remainder when s is divided by 9.
2
Calculate the remainder when 3/2*-2 + 73 is divided by 18.
16
Suppose r - 36 = -2*r + 4*i, 5*i + 49 = 4*r. Calculate the remainder when 27 is divided by r.
11
Let l(a) = -43*a**3 + 11*a**2 + 2*a + 2. Let s(z) = 22*z**3 - 5*z**2 - z - 1. Let r(t) = -6*l(t) - 13*s(t). Calculate the remainder when r(-1) is divided by 15.
12
Let b = 57 - 16. Suppose 4*u = -3*v + 30, -3*v + 8*v = 5*u + 85. What is the remainder when b is divided by v?
13
Let s(v) be the third derivative of v**5/60 - v**4/8 + v**3/2 + 2*v**2. Suppose 5*q - 20 = -0*q. What is the remainder when 13 is divided by s(q)?
6
Let l(w) = 5*w. What is the remainder when l(3) is divided by 8?
7
Let u be 17/5 - 10/25. Suppose -5*t - 10 = 5*z, 4*t - u*t - 4*z = -22. Calculate the remainder when 23 is divided by ((-9)/t)/(2/16).
11
Suppose 3*r = 2*r + 2. Suppose 2*w = 3*h + 6*w + 5, 5*h - 9 = r*w. Calculate the remainder when 1 is divided by h.
0
What is the remainder when 0*(-2)/6 - -23 is divided by 13?
10
Suppose b + 7 - 11 = 0. Suppose -2*i - 24 + b = -n, -5*n - 4*i = -142. Calculate the remainder when n is divided by 9.
8
Let f be (1 - (1 + -1)) + 64. Suppose q + 4*q - f = 0. Calculate the remainder when 25 is divided by q.
12
Let s(p) = -3*p - 19. What is the re